nder when b is divided by 22?
14
Suppose 6 - 176 = -10*v. Suppose -3*h = -1 - 8. Suppose 4*i + 3*t - v = 0, -4 = 5*i + h*t - 29. Calculate the remainder when 13 is divided by i.
5
Let i = -56 + 107. Suppose -i = 10*t - 551. Let x = t + 7. Calculate the remainder when x is divided by 30.
27
Let j(f) = 7*f - 13. Let p(g) = -4*g + 7. Let s(i) = -3*j(i) - 5*p(i). Let r(v) = 4*v**2 + 23*v + 34. Calculate the remainder when r(-6) is divided by s(-10).
12
Let x(i) = 66*i**3 - 4*i + 3. Let w be x(1). Suppose -3*z + 2*y + 115 = -3*y, 0 = -z - 5*y + w. Calculate the remainder when 176 is divided by z.
41
Let q(p) = -2*p + 51. Let d be q(-10). Let m = 105 - d. Let w(t) = -t**2 + 10*t - 8. What is the remainder when m is divided by w(7)?
8
Let j(s) = 439*s - 3528. Calculate the remainder when j(38) is divided by 143.
141
Suppose h - 12*x + 7*x = 27, 4*h - 57 = 3*x. Suppose -5*d - 91 = -3*z + 83, -2*d + 259 = 5*z. Calculate the remainder when z is divided by h.
5
Suppose 1273*j - 255*j + 226*j = 11196. Let b = 30 + -109. Let s = -55 - b. Calculate the remainder when s is divided by j.
6
Let o be (-342)/(-4) + (-2)/(-4). Suppose -5*r - 4*f = -213, -2*f = 5*r - 3*r - o. Let y(t) = -1035*t - 6195. What is the remainder when r is divided by y(-6)?
11
Let g = 2139 + -2035. Calculate the remainder when g is divided by 28.
20
Suppose 0 = -v + 2*f + 23, 527*v - 523*v = -5*f + 27. Calculate the remainder when 761 is divided by v.
7
Let a be -55*(1 + (-56)/35). Suppose a = 10*i - 67. Calculate the remainder when 10 is divided by i.
0
Suppose 26*n + 2280 = 32*n. Suppose -11*u = -126 - n. Calculate the remainder when 222 is divided by u.
38
Suppose 21*n - 2*n = 76. Suppose -b - c = n*b - 425, 243 = 3*b + 3*c. Let f(g) = -2*g - 7. What is the remainder when b is divided by f(-9)?
9
Let r(i) = -i**3 + 9*i**2 + 5*i - 44. Let g be r(9). Calculate the remainder when 148 is divided by 1 - 16/(-24)*g*21.
13
Suppose 3*j = 5*n - 62, 67 = 4*n - j + 16. Suppose n*k - 11*k = 570. Calculate the remainder when k is divided by 18.
15
What is the remainder when 1221 is divided by ((-16)/10)/(57/15 + -4)?
5
Let c(i) = 5*i - 9. Let w be c(12). Let t = -30 + w. Let k = t + 9. What is the remainder when k is divided by 11?
8
Let j = 9 - 4. Suppose 2*g + x = j*g - 5, 5*g = x + 11. Suppose 3*a + 4*y - 52 = a, -86 = -g*a - 4*y. Calculate the remainder when 202 is divided by a.
32
Let a(f) = 459*f**3 + f**2 - 5*f + 5. Let n be a(1). Let g = n - 441. What is the remainder when 74 is divided by g?
17
Suppose 0 = -5*t + 23*i - 18*i + 135, -23*t = 2*i - 646. Suppose -244 = -0*f - 4*f. Let x = 114 - f. Calculate the remainder when x is divided by t.
25
Let g(o) = 13*o - 5. Let i be g(3). Let q = 38 - i. Suppose -y - 5*s + 30 = 4*y, -5*y - q*s = -35. Calculate the remainder when 18 is divided by y.
7
Let a(s) = 23*s - 834. What is the remainder when 820 is divided by a(38)?
20
Suppose -69*b + 3*b = -2461 - 377. Calculate the remainder when b is divided by (-346)/(-14) - (-4)/14.
18
Let b be (-1)/(-3) - ((-699)/9 + 6). Suppose -b*w = -76*w + 292. What is the remainder when w is divided by 25?
23
Let b(g) = -g**2 + 13*g - 17. Let u = -29 - -28. Let n(k) = -25*k**3 - 2*k**2 - 2*k - 1. Calculate the remainder when n(u) is divided by b(10).
11
Suppose 0 = 4*g + 12, 14*t - 2*t - 9303 = -3*g. Calculate the remainder when t is divided by 71.
66
Suppose -5*s + 8 = -47. Suppose s*c = 2*c. Suppose 2*d = -2, -4*f - 4*d + 48 = -c*f. Calculate the remainder when 141 is divided by f.
11
Let o(b) = -2*b**3 - 24*b**2 - 30*b + 34. What is the remainder when o(-12) is divided by 20?
14
Let p(a) = -3*a**3 - 77*a**2 + 32*a + 170. Calculate the remainder when 164 is divided by p(-26).
10
Suppose -4*r - 3*g - 22 = -123, 3*g + 29 = r. Let x(q) = 11*q - 34. Let f be x(7). Let b = f - r. Calculate the remainder when 62 is divided by b.
11
Suppose 29*h - 5*h = -504. Calculate the remainder when 226 is divided by (-1 - h/3)*2.
10
Suppose -5*b = -4*b - 16. Calculate the remainder when (-14 + b)/(2/48) is divided by (-2)/(-8) + 201/12.
14
Suppose a = -2*x + 5, 2 - 10 = -4*x - 4*a. Suppose -10*p = -x*p + 4088. What is the remainder when p/(-14) + -6*1/(-21) is divided by 11?
9
Let a be 4 + -5 - -4 - 4. Calculate the remainder when -5 - a/(5/665) is divided by 13.
11
Suppose -2*o = 2*o - 372. Suppose 271 = 13*w - o. What is the remainder when w is divided by 8?
4
Let d(a) = -a - 5. Let x be d(-11). Let f(l) = -l + 16. Let j(m) = -m + 17. Let k(p) = x*j(p) - 5*f(p). Calculate the remainder when 18 is divided by k(17).
3
Suppose -2*u + 2*a = -3*a - 69, 3*a = -2*u + 29. Calculate the remainder when 1975 is divided by u.
17
Suppose 4 = k, -81*r + 80*r = -5*k + 14. What is the remainder when 15 is divided by r?
3
Let w(q) = q**3 + 25*q**2 + 10*q - 557. Calculate the remainder when w(-23) is divided by 39.
37
Let d = -486 + 536. Suppose 3*u - v - d = 0, 2*v = -4*u + 1 + 59. Calculate the remainder when 34 is divided by u.
2
Let f = -13807 + 14564. Calculate the remainder when f is divided by 153.
145
Suppose -33*w - 32916 = 6*w. Let m = w + 1450. Calculate the remainder when m is divided by 16.
14
Calculate the remainder when 158 - -9 - (0/1)/(4 + -5) is divided by 6.
5
Suppose -2952 = -3*y + 5*q, 13*q = 8*y + 17*q - 7768. Calculate the remainder when y is divided by 162.
2
Let a = 33170 - 28692. Calculate the remainder when a is divided by 50.
28
Let h = 2702 + -2562. What is the remainder when 148 is divided by h?
8
Let h(z) = 3*z**2 - 4*z**2 + 8 + 0*z**2 + 3*z**2. Calculate the remainder when h(-3) is divided by 16.
10
Let w = -18 - -42. Suppose -32 = 69*p - 101. Calculate the remainder when w is divided by p.
0
Calculate the remainder when ((-3)/12)/(29/232) - (0 + -1760) is divided by 57.
48
Let r = 2064 + -146. Calculate the remainder when r is divided by 5.
3
Suppose -5*f - u = -9008, -3*u = 4*f - 7*u - 7192. Calculate the remainder when f is divided by 22.
19
Let q(t) = 2*t**3 - 7*t**2 - 2*t - 5. Let l be q(4). Let s = 22 - l. Calculate the remainder when s is divided by 12 - (30/6 - 8).
4
Let n(p) = -16*p + 19. Let g be 18/45*(-10)/12*0. Calculate the remainder when 22 is divided by n(g).
3
Let t = 158 + -141. Suppose 3*y + 3*d = 27, -2*d + 3*d + t = y. Suppose 17*q - y = 16*q. What is the remainder when q is divided by 8?
5
Suppose 0 = 209*l - 213*l + 812. Suppose -s = 144 - l. Calculate the remainder when s is divided by (-75)/(-10)*(-4)/(-2).
14
What is the remainder when 104/24 + -3 - 44/6*-5 is divided by 28?
10
Let z = -3055 - -3237. Calculate the remainder when z is divided by 32.
22
What is the remainder when 268 is divided by ((-8)/28*7 - 1)*(-196)/6?
72
Let d = -418 - -450. Suppose 20 = 10*z - 15*z, -2*p + 3*z + 328 = 0. What is the remainder when p is divided by d?
30
Let s be (-6)/(-18) + -15*(-6)/54. Suppose 3*f - 246 = s*d, 3*f + 3*d = 312 - 51. Calculate the remainder when f is divided by 19.
8
Let t(u) = -u**3 - 34*u**2 + 84*u + 477. Suppose -2*j + 63 = 3*g, 3*j + 3*g + 147 = 8*j. Calculate the remainder when t(-36) is divided by j.
15
Suppose 0 = -3*v + 15, -207*p = -205*p + 2*v - 62. Calculate the remainder when p is divided by 1.
0
Suppose -44 = -f - 2*m, 6*f - 2*f - 163 = 5*m. Let y = f - 73. Let v = y + 139. Calculate the remainder when v is divided by 28.
24
Let v = -26 + 27. What is the remainder when (v/(-2))/(52/(-41912)) is divided by 29?
26
Suppose -4*d + 12 = 0, -4*w + 2*d = -6*w + 16. Suppose -p - w*p = -612. What is the remainder when p is divided by 37?
28
Suppose -4*i = 2*x - 68, 4*i - 1204 = -5*x - 1100. Let v = -5 + 9. Calculate the remainder when x is divided by v.
0
Suppose 52*q = 491 + 393. What is the remainder when 100 is divided by q?
15
Let j(y) = -9*y**2 + 21*y + 8. Suppose 0 = -2*x + 10. Suppose h = 2*h - x. Calculate the remainder when j(2) is divided by h.
4
Suppose 0 = 8*j - 10*j + 4. Let x be (-18)/(-36) - 1*(-177)/j. Let l = 145 - x. What is the remainder when l is divided by 19?
18
Let z(s) = 3*s + 4. Let r(y) = -14*y**2 + 7 + 11*y + y**3 - 2*y**3 - 11 - 9. What is the remainder when r(-15) is divided by z(3)?
8
Let f be 17/1 + (-4)/2. Let y be 5/2*24/f. Suppose y*g - 9 = 43. Calculate the remainder when 38 is divided by g.
12
Suppose 4*p + 10*a - 11*a = 698, 2*a + 352 = 2